 1. Let l be z(-3). Suppose -25 = -p - 2*q, q + 5 = -l*q. What is the tens digit of p?
2
Let f(l) = -l**2 + 2*l + 7. Let i be f(-5). Let t = 39 + i. What is the units digit of t?
1
Suppose 0 = -m - 3*m + 8. Suppose 0 = -m*w, -2*s + 95 = 3*s + 4*w. What is the units digit of s?
9
Let v = 0 + 0. Suppose 1 = -u + 2*s, v*u + 2*u - 2*s = 4. What is the units digit of u?
5
Let l(a) = a**2 - 6*a + 3. Let u be l(4). Let f be u/10*(-1 - -7). Let d = -2 - f. What is the units digit of d?
1
Let x(y) = y**2 + 2*y - 2. Let r be x(-3). Let w = 5 - r. What is the units digit of w?
4
Suppose -112*r + 115*r = 606. What is the hundreds digit of r?
2
Let a(r) be the second derivative of -r**3/6 + 2*r**2 - r. Let h = 10 - 13. What is the units digit of a(h)?
7
Let k(c) = 9*c**3 - 4*c + 3. What is the tens digit of k(2)?
6
Suppose -2 = s, 0 = 5*v - 0*v - 4*s - 363. What is the units digit of v?
1
Suppose 0 = -2*d - d + 27. Suppose -3*x = -3*g - 33, -x - 3*g = 2*x - d. Let h = -4 + x. What is the units digit of h?
3
Suppose -7*k = -4*k. Suppose -4*d + 3*t + 17 = 0, -4*d = -k*t + t - 5. Suppose -19 = -3*g + d. What is the units digit of g?
7
Let h = 13 - 8. What is the tens digit of 132/(-15)*h/(-2)?
2
Let y(t) = t**2 + 7*t + 7. Let v(c) = -c**2 + 9*c - 8. Let h be v(9). Let p be y(h). What is the tens digit of 294/p + 6/15?
2
Let f(g) = -g**2 - 10*g + 3. What is the units digit of f(-8)?
9
Suppose -5*j = 32 - 12. What is the units digit of 45/2 - j/(-8)?
2
Suppose 2*g - 4*i - 1 = -5, g + 4*i = -20. What is the units digit of 2/(-8)*352/g?
1
Let t = -7 - -7. Suppose t = 3*y + y - 4. Let b(g) = 15*g**2 - 1. What is the units digit of b(y)?
4
Let n(s) = s - 7. Suppose c - 6 = -3*m, c - 4*c + 31 = -4*m. What is the units digit of n(c)?
2
Suppose -5*d + 33 = -7. Suppose 5*z - 1 = -4*j, 0*z = 5*z - 3*j - d. What is the units digit of z?
1
Suppose 4*r - 13 = -5*h + 32, 3*r - h - 48 = 0. What is the tens digit of r?
1
Let o(u) = u - 2. Let d be o(4). Suppose 2*q = -d*g + 12, 4*q - 20 = -g - g. What is the units digit of g?
2
Let p be 0/2 - 0/3. Let g(r) = -8 + 4 + r**3 + 7*r**2 - 9*r + p*r**3. What is the units digit of g(-8)?
4
Suppose 2*s + 3 = -5*h, 0 = -4*h - 5*s - 0*s + 1. Let q = -2 + 1. What is the units digit of -1*1/h - q?
2
Let b(m) = -m**3 + m - 3. Let v be b(-2). Suppose 2*i - 3*r = 45, -i + 12 = v*r - r. What is the units digit of i?
8
Let l = -7 + 13. Let z = l - 3. Suppose -4*b + 16 = z*s, 0*b - s = 2*b - 10. What is the units digit of b?
7
Suppose -u + 5*u - 184 = 0. What is the tens digit of u?
4
Let n = 74 + 29. What is the units digit of n?
3
Let g(y) = 11*y + 23. What is the hundreds digit of g(7)?
1
Suppose -3*h - 5*d = -7*h + 1439, 5*h - 2*d = 1803. What is the tens digit of h?
6
Let z(i) be the second derivative of i**5/20 + 7*i**4/12 + i**3 + 7*i**2/2 - i. Let a = -1 - 5. What is the units digit of z(a)?
7
Let m = -17 + 27. What is the tens digit of m?
1
What is the units digit of (-20)/(-6)*(99 + -6)?
0
Suppose -f = 4, -2*i + 4*f + 46 = -0*f. Let w = i - 9. What is the units digit of w?
6
Let o be 1/((-51)/27 - -2). What is the units digit of o*(0 - (-3)/3)?
9
Suppose k = 4*k. Suppose 17 = -q + 3*y - 8*y, 5*q - 4*y - 60 = k. What is the units digit of q?
8
Let v(q) = 2*q**2 - q - 1. Let j be v(2). Suppose 0 = -c + j*w + 51, 6*c - w = 3*c + 83. Suppose -4 = -5*f + c. What is the units digit of f?
6
Let x(k) = k**2 + 8*k + 1. Let w be x(-8). Let u(q) = -1 - 1 + 1 + q - w. What is the units digit of u(4)?
2
Let r(a) = 9*a**3 - 4*a + 9. Let n(k) = -4*k**3 + 2*k - 4. Let y(q) = -7*n(q) - 3*r(q). Let b be y(1). Suppose x - 3 + 1 = b. What is the units digit of x?
2
Suppose 4*c - 4 = 2*c. Suppose 5*g - v - 86 = -c*v, -3*v = g - 20. What is the tens digit of g?
1
Let p(m) = -m**3 - 10*m**2 + 25*m - 7. What is the tens digit of p(-13)?
7
Let y = -1 + 4. Suppose g - 2 - y = 0. Suppose -2*v + 2*w = g*w - 38, -4*v + 2*w = -44. What is the tens digit of v?
1
Suppose -16 = 2*a - 3*a. Let t = a - 10. Let m = t - 1. What is the units digit of m?
5
Let m be (-18)/(-2)*(-1)/(-3). Let d(n) = 2*n + 4*n - 5*n - 2*n + m. What is the tens digit of d(-12)?
1
Let v = -53 - -115. What is the tens digit of v?
6
Suppose 52 + 56 = -4*q. Let s(k) = -k**3 + 3*k**2. Let c be s(4). Let m = c - q. What is the tens digit of m?
1
What is the units digit of 0 + 1702/12 + (-5)/(-30)?
2
Let v be (-6 - (-2 - 1)) + 15. What is the tens digit of 10/(-4)*v/(-2)?
1
Suppose 3*y + 176 = 5*w - 0*y, 3*y = -5*w + 164. What is the tens digit of w?
3
Let p(c) = 5*c**2. Let j be p(-1). Let l = -4 + j. What is the units digit of -1*(l + 1*-11)?
0
Suppose -35 - 285 = -4*y. What is the units digit of y?
0
Suppose f = 4*f + 12, -5*m + 73 = 3*f. What is the units digit of m?
7
Let o be 531/4 + 2/8. Suppose -3*f + 80 = -2*s, -s + o - 30 = 4*f. What is the units digit of f?
6
Let t(g) = -18 + 4*g + 2*g + g**2 + 3*g + g. What is the units digit of t(-13)?
1
Let n(z) = 3*z**2 + z - 7. Let y be n(-3). Let k = y + -16. What is the units digit of k?
1
Let n be 9/2 + 5/10. Suppose -50 = -n*r + 45. What is the tens digit of r?
1
Suppose -4*s + 2*r + 657 = -147, 0 = s + 3*r - 187. What is the tens digit of s?
9
What is the hundreds digit of (-99)/(-6)*(84/9)/1?
1
Suppose 5*p + 18 = k + p, -3*k - 6 = 3*p. Let n(y) = -y**3 + 5*y**2 - 4*y + 2. What is the units digit of n(k)?
6
Let p(b) = b**2 - 4*b + 1. Let o be p(6). Let n = o - -3. What is the tens digit of n?
1
Let q = -3 - -2. Let d be (1/2)/(q/2). What is the units digit of (-9)/1*d/3?
3
Let d be 1 + 11 + (-1 - 1). Let k be 54/d + 12/20. What is the units digit of (2/k)/(2/6)?
1
Let b(p) = 2*p - 2*p**3 + 2*p**2 - 4*p**2 - 3*p - 2*p**2 + 2. What is the units digit of b(-2)?
4
Suppose 0*j = -5*j. Suppose 3*p - 5*d - 94 = j, d + 2*d - 77 = -4*p. Let c = -14 + p. What is the units digit of c?
9
Suppose 29 = 3*q - 1. What is the units digit of q?
0
Let h = -165 + 323. What is the tens digit of h/10 - 7/(-35)?
1
Let w(c) = -c**2 - 6*c - 4. Let h be w(-3). Let z = -10 - h. What is the units digit of (4/(-3))/(2/z)?
0
Let c = -2 + 7. Suppose c*o = 5*a + 22 + 8, 3*o = -5*a + 50. What is the tens digit of o?
1
Suppose -h + 3*h + 12 = 0. Suppose -4*f + 2*m = -17 - 27, 3*f = -4*m + 11. Let a = f + h. What is the units digit of a?
3
Let f(y) = 24*y**3 - y**2 + 2*y - 1. What is the units digit of f(1)?
4
Let y = 34 + 67. What is the units digit of (-4)/20 - y/(-5)?
0
Suppose 3*c - 4*c + 4*i = -70, -c + 65 = -3*i. What is the units digit of c?
0
Let b(l) = -l**2 + 3*l + 3. Let a be b(3). Suppose -22 + 119 = 5*p - a*s, 5*s = 2*p - 35. Suppose -r = -p + 8. What is the tens digit of r?
1
Let w = 57 + -30. What is the units digit of w?
7
Suppose x + 3*q - 5 = 0, 6*x - x = 2*q + 25. Suppose 5*f - x*j = -15, -2*f - 3*j = -11 - 8. What is the units digit of f?
2
Let q = 133 - 81. What is the units digit of q?
2
Let g(d) = 4*d - 3. Let n be g(2). What is the tens digit of ((-2)/n)/(7/(-350))?
2
Let l(i) = i**2. Suppose -5 = 5*t - 0. What is the units digit of l(t)?
1
Let b be -19*4/4 - -2. What is the units digit of b/(-1 + (3 - 3))?
7
Suppose n + 15 + 105 = 4*o, 100 = 4*o + 4*n. What is the tens digit of o?
2
Let a be 2 + -1 + 6/3. Suppose a*v = 7*v - 132. What is the tens digit of v?
3
Suppose -2 = -4*n + 14. What is the units digit of (-2)/(-3)*78/n?
3
Let x = -22 + 24. Let d(n) = 13*n - 1. Let t be d(4). Suppose -x*g - t = -5*g. What is the units digit of g?
7
Suppose 4*w = 2*v - 3*v + 59, -3*w + 5*v = -73. Let a = w - 11. Let i = a - 0. What is the units digit of i?
5
Suppose -3*f = -f - 46. What is the tens digit of f?
2
Suppose -4*a - 4*b + 568 = 0, -4*a - 8 = 5*b - 572. What is the tens digit of a?
4
Suppose -2*p + 13 = -3*u, -2*p + 1 = -2*u - 11. Suppose 64 = p*w - 91. What is the tens digit of w?
3
Suppose -3*p + 37 = -8. Suppose -3*l + 12 = -p. What is the units digit of l?
9
Suppose 0*d + d = 2. Suppose -q = -4*r + 4, -4*q + 16 = -q + 2*r. Suppose 5*m - d*b - 1 = 2, -b = 3*m - q. What is the units digit of m?
1
Let w = 8 - 4. Suppose 4*n = 8*n - 4*i - 8, -5*n - w*i = -37. What is the units digit of n?
5
Suppose -j + 1 = -6. Let u(l) = -2*l - 6. Let c(d) = d + 5. Let v(h) = -3*c(h) - 2*u(h). What is the units digit of v(j)?
4
What is the units digit of 0 + (239 - -1) 